16.
3
What is 24 (base 13) in base 5?
110
What is 201 (base 4) in base 13?
27
-2 (base 16) to base 2
-10
What is -7 (base 10) in base 12?
-7
1 (base 8) to base 15
1
4 (base 11) to base 10
4
4 (base 15) to base 3
11
8 (base 10) to base 4
20
2 (base 14) to base 7
2
Convert 100221 (base 3) to base 13.
178
Convert 108 (base 12) to base 3.
12122
Convert 64 (base 11) to base 4.
1012
Convert -10011001 (base 2) to base 10.
-153
Convert 57 (base 8) to base 10.
47
104 (base 5) to base 11
27
12 (base 7) to base 5
14
What is -203 (base 4) in base 16?
-23
Convert 21 (base 16) to base 8.
41
What is -111 (base 2) in base 9?
-7
-442 (base 6) to base 12
-122
What is -1323 (base 6) in base 5?
-2324
What is 101 (base 11) in base 16?
7a
-5 (base 11) to base 8
-5
What is 57 (base 9) in base 6?
124
Convert -1102 (base 4) to base 11.
-75
What is 11 (base 2) in base 4?
3
a (base 16) to base 8
12
What is 8b (base 14) in base 4?
1323
Convert 20 (base 8) to base 7.
22
What is -58 (base 9) in base 14?
-3b
11 (base 4) to base 6
5
What is -1b (base 15) in base 6?
-42
131 (base 8) to base 4
1121
-12 (base 4) to base 2
-110
What is -3 (base 14) in base 8?
-3
Convert 10 (base 2) to base 4.
2
Convert -d (base 16) to base 10.
-13
What is -10101101 (base 2) in base 14?
-c5
7 (base 14) to base 11
7
-5 (base 16) to base 2
-101
-6 (base 12) to base 5
-11
-24 (base 8) to base 3
-202
Convert -3 (base 6) to base 15.
-3
Convert 6 (base 14) to base 12.
6
Convert -3 (base 5) to base 2.
-11
What is 6 (base 13) in base 16?
6
What is -11 (base 16) in base 11?
-16
-4 (base 12) to base 10
-4
What is -3 (base 8) in base 15?
-3
-111 (base 2) to base 7
-10
What is 1c (base 13) in base 11?
23
What is 1 (base 3) in base 15?
1
What is 1000 (base 2) in base 6?
12
Convert -42 (base 6) to base 13.
-20
-1 (base 5) to base 16
-1
What is 131 (base 4) in base 2?
11101
What is -10101001 (base 2) in base 8?
-251
What is -10 (base 16) in base 5?
-31
4 (base 9) to base 4
10
Convert 2 (base 4) to base 2.
10
What is -102 (base 3) in base 4?
-23
Convert -10 (base 3) to base 9.
-3
Convert 251 (base 7) to base 4.
2012
17 (base 9) to base 12
14
What is 3 (base 12) in base 11?
3
Convert 1 (base 2) to base 14.
1
4d (base 14) to base 8
105
-59 (base 16) to base 9
-108
Convert -4 (base 9) to base 3.
-11
What is 0 (base 12) in base 13?
0
-21 (base 8) to base 11
-16
What is -1 (base 6) in base 4?
-1
What is 3 (base 12) in base 10?
3
111 (base 3) to base 7
16
What is 201 (base 3) in base 14?
15
Convert -98 (base 15) to base 7.
-263
Convert 1000000 (base 2) to base 15.
44
Convert 1c (base 15) to base 11.
25
-2 (base 10) to base 5
-2
Convert -2 (base 9) to base 8.
-2
6 (base 16) to base 7
6
Convert 10 (base 11) to base 14.
b
-14 (base 5) to base 13
-9
4 (base 16) to base 13
4
What is 3 (base 7) in base 10?
3
Convert -22 (base 13) to base 16.
-1c
What is 2013 (base 5) in base 3?
100120
3d (base 16) to base 4
331
What is -b6 (base 14) in base 8?
-240
What is -200 (base 3) in base 15?
-13
What is -2a (base 11) in base 12?
-28
-6 (base 9) to base 14
-6
Convert 12 (base 10) to base 13.
c
Convert -5 (base 15) to base 9.
-5
-6 (base 11) to base 4
-12
-23 (base 12) to base 7
-36
1a3 (base 11) to base 13
150
What is -20111 (base 3) in base 5?
-1200
What is -2 (base 10) in base 15?
-2
2103 (base 4) to base 7
300
What is -1a (base 12) in base 11?
-20
What is -1a (base 16) in base 11?
-24
What is 11 (base 3) in base 11?
4
129 (base 15) to base 11
220
What is -41 (base 11) in base 3?
-1200
Convert -3030 (base 4) to base 13.
-129
Convert 3 (base 5) to base 16.
3
Convert -110 (base 4) to base 14.
-16
What is -1 (base 4) in base 16?
-1
-110 (base 2) to base 9
-6
What is 32 (base 4) in base 10?
14
What is 249 (base 11) in base 12?
207
4 (base 8) to base 14
4
What is -8 (base 12) in base 14?
-8
What is -a6 (base 12) in base 6?
-330
What is -13 (base 5) in base 7?
-11
25 (base 6) to base 15
12
-5 (base 15) to base 4
-11
-134 (base 6) to base 13
-46
What is 3d (base 14) in base 16?
37
Convert 88 (base 16) to base 13.
a6
What is 10110000 (base 2) in base 9?
215
Convert -32 (base 8) to base 16.
-1a
What is -242 (base 6) in base 7?
-200
What is -11 (base 3) in base 10?
-4
Convert 122 (base 10) to base 15.
82
What is 2c (base 13) in base 10?
38
Convert -3 (base 4) to base 15.
-3
-2 (base 16) to base 9
-2
What is -8 (base 12) in base 15?
-8
3 (base 15) to base 6
3
What is 0 (base 6) in base 9?
0
What is -4 (base 10) in base 2?
-100
What is -4 (base 13) in base 14?
-4
What is -3 (base 6) in base 16?
-3
What is -1 (base 11) in base 9?
-1
Convert -11121 (base 3) to base 15.
-84
Convert -8e (base 16) to base 11.
-11a
Convert 2b (base 15) to base 2.
101001
What is -24 (base 7) in base 3?
-200
What is -5 (base 6) in base 15?
-5
82 (base 9) to base 5
244
120 (base 3) to base 9
16
What is 10330 (base 4) in base 13?
1b4
Convert 201 (base 3) to base 2.
10011
What is -3 (base 9) in base 15?
-3
4 (base 16) to base 4
10
-10 (base 2) to base 15
-2
What is 223 (base 7) in base 10?
115
Convert 36 (base 10) to base 7.
51
Convert -10122 (base 3) to base 9.
-118
Convert -2 (base 5) to base 4.
-2
-1010 (base 3) to base 10
-30
-1 (base 13) to base 11
-1
353 (base 6) to base 12
b9
Convert -14 (base 14) to base 9.
-20
Convert -1210 (base 3) to base 10.
-48
What is 4 (base 10) in base 16?
4
16 (base 12) to base 15
13
What is -13 (base 5) in base 9?
-8
Convert 38 (base 15) to base 5.
203
What is -16 (base 10) in base 7?
-22
Convert -4 (base 8) to base 4.
-10
What is 4 (base 9) in base 13?
4
30 (base 9) to base 4
123
Convert 1133 (base 4) to base 10.
95
What is 0 (base 2) in base 16?
0
What is -9 (base 11) in base 12?
-9
Convert 202 (base 4) to base 7.
46
What is 4 (base 13) in base 16?
4
20 (base 9) to base 10
18
What is -2 (base 11) in base 2?
-10
Convert 110 (base 5) to base 12.
26
Convert -3 (base 5) to base 6.
-3
100 (base 3) to base 10
9
70 (base 8) to base 6
132
Convert -c1 (base 15) to base 13.
-10c
What is 1 (base 3) in base 8?
1
What is e6 (base 16) in base 10?
230
Convert 9 (base 13) to base 5.
14
-27 (base 8) to base 15
-18
Convert -3a (base 14) to base 15.
-37
Convert -24 (base 15) to base 4.
-202
Convert -186 (base 9) to base 8.
-237
Convert -12 (base 6) to base 4.
-20
What is -1 (base 11) in base 16?
-1
What is -4 (base 10) in base 9?
-4
575 (base 8) to base 12
279
-12 (base 3) to base 14
-5
Convert -3c (base 13) to base 10.
-51
What is 21210 (base 3) in base 8?
322
What is 41 (base 6) in base 16?
19
Convert -47 (base 13) to base 11.
-54
-10 (base 4) to base 15
-4
Convert 2 (base 12) to base 3.
2
What is 75 (base 11) in base 16?
52
Convert 0 (base 10) to base 6.
0
101 (base 3) to base 13
a
What is 9 (base 15) in base 6?
13
Convert 1 (base 8) to base 14.
1
Convert 1 (base 9) to base 7.
1
-60 (base 10) to base 3
-2020
What is -205 (base 6) in base 5?
-302
What is 1010 (base 2) in base 14?
a
Convert -302 (base 7) to base 12.
-105
-3 (base 4) to base 10
-3
-1 (base 6) to base 13
-1
What is -8 (base 14) in base 7?
-11
e (base 15) to base 13
11
Convert -107 (base 15) to base 9.
-277
What is -110 (base 11) in base 16?
-84
Convert c (base 13) to base 16.
c
What is 10 (base 5) in base 14?
5
Convert -6 (base 13) to base 7.
-6
3 (base 15) to base 14
3
What is 3 (base 8) in base 12?
3
What is 1 (base 16) in base 12?
1
What is 1 (base 13) in base 14?
1
Convert -3 (base 14) to base 10.
-3
3 (base 15) to base 2
11
-3 (base 13) to base 12
-3
What is -343 (base 10) in base 12?
-247
What is -44 (base 13) in base 11?
-51
Convert 167 (base 9) to base 10.
142
What is 0 (base 2) in base 6?
0
44 (base 13) to base 10
56
What is 11100 (base 2) in base 3?
1001
What is -2 (base 3) in base 15?
-2
What is -56 (base 9) in base 8?
-63
What is -13c (base 15) in base 13?
-189
Convert -2 (base 3) to base 4.
-2
What is 11 (base 2) in base 4?
3
Convert 2 (base 16) to base 4.
2
430 (base 5) to base 4
1303
-78 (base 11) to base 4
-1111
Convert 5 (base 15) to base 8.
5
-5 (base 6) to base 8
-5
What is 234 (base 12) in base 10?
328
What is 0 (base 14) in base 11?
0
1 (base 12) to base 14
1
Convert -18 (base 16) to base 9.
-26
What is 11e (base 16) in base 6?
1154
Convert -1c (base 16) to base 14.
-20
Convert -43 (base 6) to base 5.
-102
1 (base 5) to base 11
1
-3 (base 15) to base 12
-3
Conver